ighest common divisor of d and 5831.
17
Suppose -2*p - 12*m + 778 = -9*m, 0 = -p + 3*m + 389. Let o = 399 - p. Let j be 6*2*(-10)/(-3). What is the greatest common divisor of j and o?
10
Let z be ((-1)/3)/(61/(-708393)). What is the highest common divisor of z and 49?
49
Let p(b) = -19*b - 15. Let m be 58/(-10) + (-1)/5. Let n be p(m). Suppose -7*i = 34 - 111. Calculate the greatest common factor of i and n.
11
Suppose 15664 = 7*v - 29*v. Let t = v - -715. Suppose 4*u - 76 = 128. What is the greatest common factor of t and u?
3
Let s(v) = -v**2 - v - 79. Let i be s(0). Let t = i - -59. Let u = t - -38. Calculate the highest common factor of 45 and u.
9
Let n be 2/(-27) - (-36 + 42672/1296). Let w(k) = -16*k - 2. Let y be w(-5). What is the highest common factor of y and n?
3
Suppose 561*p = 555*p + 1566. Let t = p - -67. Calculate the greatest common divisor of t and 8.
8
Let t be 0 - (-1 - (6 + -5)). Let p be 6/54*66 + t/(-6). What is the highest common divisor of p and 63?
7
Let v be (85 + -91)/(4/(-194)). What is the highest common divisor of 2425 and v?
97
Let r be (264/(-308))/((-1)/1694). Calculate the highest common divisor of r and 48.
12
Let c = 2386 + -2344. Let o be (-32)/(-5) + (-4)/10. Calculate the greatest common divisor of o and c.
6
Let x(w) = 15487*w**2 - 69*w + 4. Let z be x(1). Calculate the greatest common factor of z and 22.
22
Let f(b) = -11*b - 13. Let k be f(-11). Let v = k + -69. Suppose -25 = -3*p - 4*c, v = 3*p + 3*c - 6*c. Calculate the highest common divisor of 33 and p.
11
Suppose -12*l = -13*l - 3*a + 608, 3*l + 5*a - 1820 = 0. Calculate the greatest common divisor of l and 110.
55
Let p be 682516/272 - ((-18)/24)/1. What is the highest common divisor of 2259 and p?
251
Let i = -264 - -269. Suppose -i*p = -4*p - 4. Calculate the highest common divisor of p and 14.
2
Let u be 975/20*(-688)/(-6). Calculate the highest common factor of 26 and u.
26
Suppose -z - 101*d = -102*d - 4994, z + 5*d = 5000. What is the greatest common divisor of 135 and z?
135
Suppose 14*y - 1458 + 6106 = 0. Let h = -322 - y. What is the highest common factor of 25 and h?
5
Suppose 0 = -a + 3*r - 7, -3*a - 2*a = -4*r - 9. Suppose -y = -a*l - 83, 4*y - 2*l = -y + 346. What is the highest common divisor of 68 and y?
68
Suppose -86*d + 7782 + 240 = -492. Calculate the highest common factor of d and 12.
3
Suppose 3*g + 53*i - 1660 = 54*i, 544 = g + 2*i. Calculate the highest common factor of 3036 and g.
276
Let u(w) = -142*w - 3914. Let n be u(-28). What is the highest common factor of n and 54?
2
Let v(u) = u**3 + 6*u**2 - 3*u + 16. Let g be v(-7). Let l be 114*12/(-18)*27/g. Calculate the greatest common factor of 19 and l.
19
Let w(v) = 3*v**3 - 8*v**2 + 27. Let r be w(9). Let f = r - 825. What is the greatest common divisor of 39 and f?
39
Let x be (4/(-9 + -11))/(6/(-645))*8. What is the highest common factor of x and 13932?
172
Let f be 4/8*(2 - 2). Suppose f = -r - 2*s + 4*s + 72, -5*s = r - 100. Suppose -6*l + 7*l - 16 = 0. Calculate the greatest common divisor of l and r.
16
Let m(q) = -4*q + 34. Let o be m(5). Suppose -11*w = -o*w - 2*v + 171, -5*w + 285 = 2*v. What is the highest common factor of 95 and w?
19
Let w(y) = -y**2 - 23*y - 2. Let i(s) = 12*s - 3 - 180*s**2 + 1 + 1 + 176*s**2. Let j be i(4). Let x be w(j). Calculate the highest common divisor of 20 and x.
20
Let u be (5 - (4 - 4) - 2) + -3. Let y be (u - 1)/((-3178)/(-266) - 12). Calculate the greatest common divisor of 57 and y.
19
Let i(a) = 2*a**3 + 34*a**2 + 31*a - 26. Let t be i(-16). Let r be 110/(-44)*264/t - 2. Calculate the greatest common divisor of 80 and r.
16
Suppose 614*a = -30194 + 127206. Calculate the greatest common divisor of a and 6241.
79
Suppose -3*x + a + 0*a = 750, 3*x + 2*a = -759. Let l = -98 - x. Let d be -1*1 + (-252)/(-70)*5. What is the greatest common factor of d and l?
17
Let h(x) = -413*x - 10294. Let q be h(-26). What is the greatest common divisor of q and 198?
6
Let c be (-29)/(-9) - 6/27. Let z be 27/((-5)/c + 2). Suppose 5*u - 2*s - 61 = -24, 0 = -3*u - 5*s + 47. Calculate the greatest common divisor of u and z.
9
Suppose 4*u = 4*m + 210 - 46, -2*u + 3*m = -83. Let z be ((-2)/(-2))/((-12)/552). Let w = z + 146. Calculate the highest common divisor of u and w.
20
Let q be (1428/16)/(-6 + (-255)/(-40)). What is the greatest common divisor of 28 and q?
14
Suppose 11078 - 3958 = -897*w + 907*w. What is the greatest common divisor of 4806 and w?
178
Let n = 944 - 608. Suppose -5*l - 2*p = -4*p - n, 0 = p - 2. Calculate the greatest common divisor of l and 187.
17
Let t(b) = b**2 + b + 11. Let u = -70 - -74. Suppose 0 = -3*d - 3, x - u*d - 3 = 1. Let f be t(x). What is the greatest common divisor of 88 and f?
11
Let g(q) = 2*q**3 - 7*q**2 + 3*q - 10. Let b = 145 + -140. Let i be g(b). What is the highest common factor of 96 and i?
16
Let l(m) = 66*m**2 + 4*m - 39*m**2 - 3*m. Let z be l(1). Suppose 13 = j + 3*u, 2*j + 6*u = u + z. Calculate the greatest common factor of j and 38.
19
Suppose 0 = 14*n - 0*n. Suppose n = -532*z + 549*z - 2992. What is the highest common divisor of 308 and z?
44
Let o(t) = 5*t**2 - 7*t - 7. Let h be o(-5). Suppose 101*z - 164 = 745. Calculate the greatest common factor of h and z.
9
Suppose 5*v - 428 = -108. Suppose 571*a - 477099 - 169702 + 169137 = -727*a. What is the highest common divisor of a and v?
16
Suppose -62 - 432 = -2*v. Suppose -2*d - h + v = 0, -5*h - 20 = 5. Let p be ((-74)/6 - -10)/(1/(-6)). What is the greatest common factor of p and d?
14
Let c(a) be the second derivative of 5*a**4/12 + 71*a**3/6 + 14*a**2 + a + 33. Let v be c(-15). What is the greatest common divisor of v and 11?
11
Suppose -s - 5*v - 107 = -5*s, -3*s + 5*v = -74. Let k be (-105)/6 + (-5)/(-10). Let x = s + k. What is the greatest common divisor of 16 and x?
16
Let l(x) = x + 4. Let g be l(-5). Let q be (-2)/(((-2)/(-22))/g). Let s = -46 + 57. What is the highest common divisor of s and q?
11
Suppose 273*h - 99 = 264*h. Suppose 12*w = 9*w + 5*z + 2787, 4*z = -2*w + 1836. What is the greatest common divisor of h and w?
11
Let n be (-44)/77*-14 - (-1400)/2. Calculate the greatest common factor of n and 2301.
177
Let t be (-6)/4*(7 - 9). Suppose t*i + 5*g - 173 = 0, 5*i - 3*i - 107 = -5*g. Calculate the greatest common divisor of i and 6.
6
Let o(f) = -24*f - 124. Let s be o(-16). Let a = s - 225. What is the greatest common divisor of a and 20?
5
Suppose -117*z + 14352 = -52*z - 26*z. What is the highest common divisor of z and 20?
4
Suppose -189*n - 117886 + 397606 = 0. Calculate the greatest common divisor of n and 222.
74
Suppose -652 = 7*a - 862. What is the greatest common factor of a and 640?
10
Let w be ((-74)/40 - 165/(-132))/(4/(-100)). What is the greatest common divisor of 15285 and w?
15
Suppose 3*x - 3*c = 7989, 63*x = 62*x - 4*c + 2673. What is the greatest common divisor of 52 and x?
13
Suppose 0 = 2*d + 2*v - 16, v = -0*d - 2*d + 11. Suppose -52 = -k - d. Let h be (k/(-7))/((-3)/9). Calculate the greatest common factor of h and 7.
7
Let w be 1/(-2)*(-760 - -6). Calculate the highest common divisor of 442 and w.
13
Let u(c) = c**3 - 10*c**2 - 10*c - 3. Let p be u(13). Calculate the highest common divisor of p and 55.
11
Suppose -3*g = 2*y - 445, -597 = -4*g - 7*y + 8*y. Suppose g + 528 = b + 3*n, -3*b - 3*n = -2037. What is the greatest common divisor of b and 85?
85
Suppose -566 = -16*h + 1866. Let j = h - 148. Calculate the highest common factor of j and 16.
4
Suppose 324 = 27*j - 1921 - 1535. Calculate the highest common factor of j and 35.
35
Let q(a) = 110*a - 753. Let w be q(9). Calculate the greatest common factor of 158 and w.
79
Let x be 2 - 3/((-3)/22). Let a = 12673 - 12565. What is the highest common factor of a and x?
12
Let z be 18/(-30) - 201/15. Let q be 21/((-735)/190)*z/1. What is the highest common divisor of q and 57?
19
Let b = -1874 + 1882. Calculate the greatest common divisor of 1688 and b.
8
Let g be (1 - 10/4)/((-69)/(-92)). Let j be ((-990)/135)/(g/60). Calculate the highest common factor of 132 and j.
44
Let v be -3 + 32 + -2 + (0 - 0). Let l = v + 53. What is the highest common factor of l and 16?
16
Suppose -56 = q - 2*l - 398, 2*q - 3*l - 685 = 0. What is the highest common divi